89. Let p be b(-6). Let x(k) = -4*k**2 + 6*k - 7. Calculate x(p).
-25
Let j(g) = -g**3 - 14*g**2 - 33*g - 2. Let f = -25817 + 25806. Determine j(f).
-2
Let h(o) = -o**3 - 28*o**2 + 59*o + 1. Suppose 5*l - 95 = 3*r, l - 151 = 13*r - 8*r. Determine h(r).
31
Suppose -86 + 42 = -4*q. Let j(k) = -3*k**2 + k - 120*k**3 + q - 12 + 122*k**3. Calculate j(2).
5
Suppose -91 - 337 = -113*n + 363. Let o(s) = -s**3 + 10*s**2 - 7*s + 14. Determine o(n).
112
Let u(o) = -7*o**2 - 11*o + 3. Let h(d) = -13*d**2 - 22*d + 5. Let q(i) = -6*h(i) + 11*u(i). Suppose -3*b - 38 = -2*k, 6*b - 5*b + 3*k - 2 = 0. Give q(b).
-7
Let d(j) = 3*j + 1. Let k(o) = -o**2 - 13*o - 21. Let i be k(-10). Suppose 4*n - 4*x = -i*x - 1, 4*n + x = -13. Give d(n).
-11
Let p(j) = -10*j**3 - j - 1. Let o(s) = -s**2 - 19*s - 65. Let k(r) = -2*r**2 - 35*r - 129. Let t(n) = -6*k(n) + 13*o(n). Let v be t(-35). What is p(v)?
10
Suppose -g = 1, z = -g + 18 - 17. Let b(k) = k - 3*k - 4 - 7 - z - 2*k. Calculate b(-9).
23
Suppose -5*i = -4*s - 99, -4*i + 518*s = 513*s - 90. Let j(z) = 2*z + 7. Determine j(i).
37
Let u(d) = -22*d. Suppose 55*b - 25 + 35 + 45 = 0. Calculate u(b).
22
Let x(p) = p**2 - 14*p + 17. Let m be 9632/784 + (-2)/7. What is x(m)?
-7
Let b(w) = -7*w**3 + 6*w**2 + 5*w - 9. Let a(n) = -17*n**3 + 12*n**2 + 9*n - 19. Let z(l) = -2*a(l) + 5*b(l). Let c be (14/(-4))/(9/(-18)). Give z(c).
-7
Let z be (-7 + -2)*6/(-27). Suppose -6*c = -4*c - z. Let i(d) = -6*d**2. Let w be i(c). Let l(m) = m**2 + 4*m - 6. Give l(w).
6
Let o(d) = d**2 + 2*d - 129. Let i = 44930 + -44944. Determine o(i).
39
Let l = 6957 + -6956. Let z(u) = -40*u - 3. Determine z(l).
-43
Let y(a) = a**2 + 8*a + 13. Let c(x) = -114*x - 1602. Let v be c(-14). Determine y(v).
1
Let m(f) be the third derivative of f**6/30 + f**5/4 - f**4/24 + 3*f**3 + 69*f**2 + 15*f. What is m(-4)?
6
Suppose -29*x + 4637 - 4985 = 0. Suppose -4*r = -0*t - 2*t + 20, 8 = -2*t. Let z be x/r*(-14)/(-4). Let n(y) = y**3 - 5*y**2 - 3*y - 6. What is n(z)?
12
Let k(s) = -7*s - 171 - s - 7*s + s**2 + 227. Let u be k(7). Let z(a) = 2*a + 4. What is z(u)?
4
Let a(f) be the first derivative of 5*f**2 - 50*f - 595. Let g(s) = 17 + 3*s + s - 7*s. Let v(o) = -2*a(o) - 7*g(o). Give v(10).
-9
Let w(l) = -16*l + 9. Let b(z) = z**2 - 33*z + 235. Let o be b(10). Calculate w(o).
-71
Let w(b) be the second derivative of -b**5/20 - b**4/12 - b**3/6 + 27*b**2/2 - 2327*b. What is w(0)?
27
Let o be 0*((-3)/6)/1. Let z(c) be the third derivative of 0*c - 177*c**2 - 1/24*c**4 + 0 + 1/2*c**3. Give z(o).
3
Let w(a) = -a**2 - 7*a + 1. Let z be w(-5). Let g(q) = -q - q**2 - z*q**3 - 1 + 3*q**3 - q**3. Suppose 21 = x, -4*m + 931*x = 951*x - 416. Determine g(m).
8
Let f be 27912 - (7/14)/(3/(-24)). Let u(n) = -2*n + 0*n - 27919*n**2 + f*n**2 + 7*n**3. Give u(-1).
-8
Let r(g) = 16*g + 2. Let h(s) = -23*s**2 - 144*s - 35. Let p be h(-6). Calculate r(p).
18
Let x(w) = -w**3 + 6*w**2 + 7*w - 14. Let j(f) = -f + 1. Let a(u) = 5*j(u) + x(u). Let n(p) = 2*p**2 - 79*p - 117. Let g be n(41). What is a(g)?
3
Suppose 3*l = 7*l + 5*y - 150, -181 = -5*l - 3*y. Let f(h) = -h**3 + 37*h**2 - 73*h + 106. Let x be f(l). Let u(p) = -2*p**2 + 1. Give u(x).
-1
Let g(c) = -19*c**2 - 5*c + 57 - 3648*c**3 + 3650*c**3 + 9*c. Determine g(9).
12
Let j(v) = -v**2 - 3*v + 4. Let y be (5 + 27/(-5))/((-4)/80). Suppose 18 = -y*q + 2*q. What is j(q)?
4
Let j(d) = -8*d + 17. Let s(r) = -2*r. Suppose 4*p = y + 1, 3*p + 5*y - 2*y = 12. Let m(g) = p*j(g) - 5*s(g). Calculate m(-9).
-1
Suppose -9*n = -12*n + 2*q + 15, 3*n = 4*q + 21. Let l(y) = 13*y**2 + 16*y**2 - 26*y**2 + 8*y**2 + 2 + y**n + 14*y. Determine l(-10).
-38
Let k(z) = -4*z - 54. Suppose 70 = -4*f - 4*c + 2, 0 = -2*f + 2*c - 26. What is k(f)?
6
Let t(v) = 1145*v**2 - 22 - 1 - 1148*v**2 + 22*v - 19 - 3. Calculate t(5).
-10
Let z be (-68)/(-12) + 4/12. Let v(j) = -z*j + 14*j - 5*j - 4*j + 3. Suppose 0 = -u + 3 - 7. Calculate v(u).
7
Let z(l) be the second derivative of l**3/3 - 13*l**2/2 + 1113*l. Determine z(8).
3
Let y(a) = 56*a + 173. Let o(l) = 3*l**3 - 186*l**2 + 10*l - 623. Let r be o(62). Give y(r).
5
Let o be -7 + ((-120)/(-105))/((-4)/(-42)) - 13. Let z(n) = -13*n**2 - 104*n - 9. Determine z(o).
-9
Let n(d) = d**2 - d - 8. Let q(m) = m**2 - 3*m. Let f be q(-4). Suppose 0 = f*k - 25*k. Let t be 0 - k/((-16)/(-4)). Determine n(t).
-8
Let v(h) be the second derivative of h**8/6720 - h**7/360 - h**6/120 + h**5/40 - 7*h**4/12 - h**2 + 91*h. Let k(y) be the third derivative of v(y). Give k(7).
-39
Let s(i) be the first derivative of i**4/24 + 3*i**2/2 + 2*i + 10. Let a(k) be the second derivative of s(k). What is a(8)?
8
Let v(m) = -3*m**2 + 7*m - 3. Suppose 4*l + 8 = 2*y, 8 = 2*y + 18*l - 15*l. Give v(y).
-23
Let g(n) = n**2 + 4*n - 5. Suppose -5*j - 19 = 3*a, a + j + 5 = -0*j. Calculate g(a).
-8
Let p(o) = 25*o + o**2 + 32*o - 101*o + 32 + 27*o + 16*o. What is p(0)?
32
Let c(u) be the third derivative of -u**6/120 - 7*u**5/60 + 5*u**3/6 + 149*u**2 + 3*u. Give c(-5).
-45
Let j(m) = 6*m - 40. Suppose -4*q = -4*o - 32, 24 = 5*q + 70*o - 67*o. Determine j(q).
-4
Let q(y) = 6*y + 50. Suppose 3*i + 20 = 5*n - 7*n, -7*i = -4*i. What is q(n)?
-10
Let x(a) be the third derivative of 0*a - 1/24*a**4 + 23*a**2 + 0 + 2/3*a**3. Let z be (2/2)/((-2)/(-10)). What is x(z)?
-1
Suppose 5*h = t - 223 + 208, -h - 3 = -t. Let l(y) = -y + 5. What is l(h)?
8
Let d(q) = -2*q + 3. Let b = 13 - 11. Suppose 3*c = -b*c + 3*y + 16, 2*y = c - 6. Let z be (8/(-6))/c - 198/(-54). Calculate d(z).
-3
Let n(b) = -b**2 - 2*b - 1. Let x(s) = s**2 + 4*s - 1. Let l be x(-5). Let m = l - 11. Let c = m + 6. Calculate n(c).
0
Let w = -20613 - -20615. Let b(c) be the first derivative of 2*c**2 + 1/4*c**4 + 2 + 2*c**3 + w*c. Determine b(-5).
7
Let h(p) = p**3 - 5*p**2 + 3*p + 1. Let d(k) = -k**3 + 10*k**2 - 4*k - 41. Let b = -58 + 67. Let c be d(b). What is h(c)?
-3
Let b(k) = 2*k - 11. Let x(w) = w + 8. Let n(v) = 2*b(v) + 3*x(v). Determine n(0).
2
Suppose -v - 3 = 2*p, -5*p + 2*v = -11 - 4. Let r = 6 + p. Let c(h) = 20194 - 20195 - 3*h + 0*h + 4*h. Calculate c(r).
6
Let s(v) = 3*v**3 + 3*v**2 + 13*v + 6. Let w(c) = 8*c**3 + 9*c**2 + 36*c + 17. Let z(f) = 11*s(f) - 4*w(f). Let k = -9 + 12. Determine z(k).
-5
Let o(f) = 7*f - 1. Suppose 0 = -2*m - 111 + 115. Let d(s) = 2*s - 3. Let j(v) = -v + 2. Let w(b) = m*d(b) + 3*j(b). Let z(u) = -o(u) + 5*w(u). Determine z(2).
-3
Let o = -83 + 87. Let y(i) = -5*i**2 + 3*i + 3. Let q(t) = -6*t**2 + 4*t + 4. Let w(v) = o*q(v) - 5*y(v). Determine w(-2).
3
Let k(m) = m + 16. Let h(p) = 140*p - 137. Let f be h(1). Calculate k(f).
19
Let t be (-6)/12 + (-78)/52. Let j(n) = -3*n**3 - 5*n**2 - 4*n - 3. Give j(t).
9
Suppose 11*d - 12 = 9*d. Suppose 4*s = 4*q + 632, -d*s + 3*s - 5*q + 514 = 0. Let y(c) = s*c**2 + 4 - 80*c**2 - 2*c - 82*c**2. Give y(3).
7
Let u be (3/6)/(13/494). Let p be 171/u*(-1 - -2). Let m(h) = 2*h - 21. Give m(p).
-3
Let i = -335 - -335. Suppose -2*l - l - 3 = -4*u, 4*u - 24 = -4*l. Let s(k) = 2*k**3 + 8 + 0*k + k**2 + k - l*k**3. Determine s(i).
8
Suppose 9*a + 2*a - 2*a = 0. Let u(g) = -16*g**2 + 4*g + 3 + a*g**2 + 15*g**2. What is u(5)?
-2
Let i(a) = 649*a**3 - 1300*a**3 + 24*a + 24*a**2 + 650*a**3 + 35. Give i(25).
10
Suppose -69*a - 109 = -316. Let r(n) = -1 + 0 - 3*n + 5*n. Determine r(a).
5
Let h(c) = -2*c**2 + 64*c + 1. Let a(r) = -4*r**2 + 52*r + 1. Let d(t) = 3*a(t) - 4*h(t). What is d(-25)?
-1
Let q(d) = -328*d + 207*d + 130*d + d**2 - 10. Give q(-6).
-28
Let g(o) = o**3 + o**2 + 14. Let f(u) = -u**3 - u**2 - 796. Let y be f(0). Let w = 796 + y. Calculate g(w).
14
Let q(z) = -z**3 + 3*z**2 - z - 1. Let l(i) = i**2 + 12*i + 9. Let n be l(-11). Let c be 72/20 + n/(-5). Suppose -t + 9 = 3*b + 1, -4*b = -2*t - c. Give q(t).
1
Let k(d) = 9*d**3 - 5*d**2 + 2*d. Let h(v) = -7*v**3 + 4*v**2 - 2*v + 1. Let m(p) = 4*h(p) + 3*k(p). Let w(g) = 2*g + 30. Let o be w(-15). What is m(o)?
4
Let s = -9 - -15. Let z(o) = -o**2 + 7*o - 1. Let l(b) = -9*b - 20*b + 3660 - 3655 + 4*b**2. Let a(w) = -2*l(w) - 9*z(w). What is a(s)?
5
Let d(i) be the second derivative of i**7/210 - i**6/180 - i**5/60 - i**4/24 + 83*i**3/6 - 31*i. Let k(m) be the second derivative of d(m). Give k(-1).
-5
Let v = 7 + -3. Suppose -f = -3*q + 7, -q - v*f = -5*q + 20. Let o(x